{"id":11130,"date":"2026-04-16T16:27:01","date_gmt":"2026-04-16T21:27:01","guid":{"rendered":"https:\/\/f5refreshmedia.com\/novocorpo\/?page_id=11130"},"modified":"2026-04-17T17:33:52","modified_gmt":"2026-04-17T22:33:52","slug":"recomendaciones-de-cirugia-estetica","status":"publish","type":"page","link":"https:\/\/f5refreshmedia.com\/novocorpo\/recomendaciones-de-cirugia-estetica\/","title":{"rendered":"Recomendaciones"},"content":{"rendered":"\t\t<div data-elementor-type=\"wp-page\" data-elementor-id=\"11130\" class=\"elementor elementor-11130\">\n\t\t\t\t<div class=\"elementor-element elementor-element-59d40b4 e-flex e-con-boxed e-con e-parent\" data-id=\"59d40b4\" data-element_type=\"container\" data-e-type=\"container\">\n\t\t\t\t\t<div class=\"e-con-inner\">\n\t\t<div data-ekitparallax=\"{&quot;ekit_section_parallax_bg&quot;:&quot;yes&quot;,&quot;ekit_section_parallax_bg_speed&quot;:0.5,&quot;elementor_lazy_load&quot;:&quot;1&quot;}\" class=\"elementor-element elementor-element-2dbf1468 page-header-section-gpl e-flex e-con-boxed e-con e-child\" data-id=\"2dbf1468\" data-element_type=\"container\" data-e-type=\"container\" data-settings=\"{&quot;background_background&quot;:&quot;classic&quot;}\">\n\t\t\t\t\t<div class=\"e-con-inner\">\n\t\t<div class=\"elementor-element elementor-element-4c775606 e-con-full e-flex e-con e-child\" data-id=\"4c775606\" data-element_type=\"container\" data-e-type=\"container\">\n\t\t\t\t<div class=\"elementor-element elementor-element-60b50efa at-heading-animation at-animation-heading-style-3 elementor-widget elementor-widget-heading\" data-id=\"60b50efa\" data-element_type=\"widget\" data-e-type=\"widget\" data-settings=\"{&quot;ekit_we_effect_on&quot;:&quot;none&quot;}\" data-widget_type=\"heading.default\">\n\t\t\t\t\t<h1 class=\"elementor-heading-title elementor-size-default\">Recomendaciones de cirug\u00eda est\u00e9tica<\/h1>\t\t\t\t<\/div>\n\t\t\t\t<div class=\"elementor-element elementor-element-1a5d0373 elementor-invisible elementor-widget elementor-widget-glowix-breadcrumb\" data-id=\"1a5d0373\" data-element_type=\"widget\" data-e-type=\"widget\" data-settings=\"{&quot;_animation&quot;:&quot;fadeInUp&quot;,&quot;_animation_delay&quot;:100,&quot;ekit_we_effect_on&quot;:&quot;none&quot;}\" data-widget_type=\"glowix-breadcrumb.default\">\n\t\t\t\t<div class=\"elementor-widget-container\">\n\t\t\t\t\t<div role=\"navigation\" aria-label=\"Breadcrumbs\" class=\"breadcrumb-trail breadcrumbs\"><ol class=\"trail-items\"><li class=\"trail-item trail-begin\"><a href=\"https:\/\/f5refreshmedia.com\/novocorpo\/\" rel=\"home\"><span>Home<\/span><\/a><\/li><li class=\"trail-item trail-end\"><span><span>Recomendaciones<\/span><\/span><\/li><\/ol><\/div>\t\t\t\t<\/div>\n\t\t\t\t<\/div>\n\t\t\t\t<\/div>\n\t\t\t\t\t<\/div>\n\t\t\t\t<\/div>\n\t\t\t\t\t<\/div>\n\t\t\t\t<\/div>\n\t\t<div class=\"elementor-element elementor-element-ad16ae2 e-con-full e-flex e-con e-parent\" data-id=\"ad16ae2\" data-element_type=\"container\" data-e-type=\"container\">\n\t\t<div class=\"elementor-element elementor-element-383f4e07 e-flex e-con-boxed e-con e-child\" data-id=\"383f4e07\" data-element_type=\"container\" data-e-type=\"container\">\n\t\t\t\t\t<div class=\"e-con-inner\">\n\t\t<div class=\"elementor-element elementor-element-7bc60d3c e-flex e-con-boxed e-con e-child\" data-id=\"7bc60d3c\" data-element_type=\"container\" data-e-type=\"container\" data-settings=\"{&quot;background_background&quot;:&quot;classic&quot;}\">\n\t\t\t\t\t<div class=\"e-con-inner\">\n\t\t<div class=\"elementor-element elementor-element-5d434982 e-con-full e-flex e-con e-child\" data-id=\"5d434982\" data-element_type=\"container\" data-e-type=\"container\">\n\t\t\t\t<div class=\"elementor-element elementor-element-79fbf07e section-title at-heading-animation at-animation-heading-none elementor-invisible elementor-widget elementor-widget-heading\" data-id=\"79fbf07e\" data-element_type=\"widget\" data-e-type=\"widget\" data-settings=\"{&quot;_animation&quot;:&quot;fadeInUp&quot;,&quot;ekit_we_effect_on&quot;:&quot;none&quot;}\" data-widget_type=\"heading.default\">\n\t\t\t\t\t<div class=\"elementor-heading-title elementor-size-default\">Blog de consejos y cuidados<\/div>\t\t\t\t<\/div>\n\t\t\t\t<div class=\"elementor-element elementor-element-55109706 at-heading-animation at-animation-heading-style-3 elementor-widget elementor-widget-heading\" data-id=\"55109706\" data-element_type=\"widget\" data-e-type=\"widget\" data-settings=\"{&quot;ekit_we_effect_on&quot;:&quot;none&quot;}\" data-widget_type=\"heading.default\">\n\t\t\t\t\t<h2 class=\"elementor-heading-title elementor-size-default\">Recomendaciones de cirug\u00eda est\u00e9tica<\/h2>\t\t\t\t<\/div>\n\t\t\t\t<div class=\"elementor-element elementor-element-75c8a29a elementor-invisible elementor-widget elementor-widget-text-editor\" data-id=\"75c8a29a\" data-element_type=\"widget\" data-e-type=\"widget\" data-settings=\"{&quot;_animation&quot;:&quot;fadeInUp&quot;,&quot;_animation_delay&quot;:100,&quot;ekit_we_effect_on&quot;:&quot;none&quot;}\" data-widget_type=\"text-editor.default\">\n\t\t\t\t\t\t\t\t\t<p>En nuestro blog encontrar\u00e1s <strong>recomendaciones clave, consejos pr\u00e1cticos e informaci\u00f3n confiable<\/strong> sobre cirug\u00eda est\u00e9tica y medicina est\u00e9tica.<\/p><p>Aprende c\u00f3mo prepararte antes de un procedimiento, cuidados posteriores y h\u00e1bitos que te ayudar\u00e1n a mantener resultados naturales y duraderos.<\/p><p>Nuestro contenido <strong>est\u00e1 dise\u00f1ado para resolver tus dudas y brindarte la seguridad<\/strong> que necesitas al tomar decisiones informadas sobre tu imagen y bienestar.<\/p><p>Mantente actualizado con tendencias, novedades y recomendaciones de expertos para cuidar tu salud y potenciar tu belleza.<\/p>\t\t\t\t\t\t\t\t<\/div>\n\t\t\t\t<\/div>\n\t\t<div class=\"elementor-element elementor-element-4b3d23fd e-con-full e-flex e-con e-child\" data-id=\"4b3d23fd\" data-element_type=\"container\" data-e-type=\"container\">\n\t\t\t\t<div class=\"elementor-element elementor-element-4b4f4131 at-shiny-glass-effect approach-img-1-gpl at-image-animation at-animation-image-style-1 elementor-widget elementor-widget-image\" data-id=\"4b4f4131\" data-element_type=\"widget\" data-e-type=\"widget\" data-settings=\"{&quot;ekit_we_effect_on&quot;:&quot;none&quot;}\" data-widget_type=\"image.default\">\n\t\t\t\t\t\t\t\t\t\t\t\t\t\t\t<img fetchpriority=\"high\" decoding=\"async\" width=\"366\" height=\"640\" src=\"https:\/\/f5refreshmedia.com\/novocorpo\/wp-content\/uploads\/2026\/02\/cirujano-marca-zonas-cirugia.jpg\" class=\"attachment-full size-full wp-image-10618\" alt=\"\" srcset=\"https:\/\/f5refreshmedia.com\/novocorpo\/wp-content\/uploads\/2026\/02\/cirujano-marca-zonas-cirugia.jpg 366w, https:\/\/f5refreshmedia.com\/novocorpo\/wp-content\/uploads\/2026\/02\/cirujano-marca-zonas-cirugia-172x300.jpg 172w\" sizes=\"(max-width: 366px) 100vw, 366px\" \/>\t\t\t\t\t\t\t\t\t\t\t\t\t\t\t<\/div>\n\t\t\t\t<\/div>\n\t\t\t\t\t<\/div>\n\t\t\t\t<\/div>\n\t\t\t\t\t<\/div>\n\t\t\t\t<\/div>\n\t\t\t\t<\/div>\n\t\t<div class=\"elementor-element elementor-element-761d982 e-flex e-con-boxed e-con e-parent\" data-id=\"761d982\" data-element_type=\"container\" data-e-type=\"container\">\n\t\t\t\t\t<div class=\"e-con-inner\">\n\t\t\t\t<div class=\"elementor-element elementor-element-991d22f elementor-widget elementor-widget-elementskit-blog-posts\" data-id=\"991d22f\" data-element_type=\"widget\" data-e-type=\"widget\" data-settings=\"{&quot;ekit_we_effect_on&quot;:&quot;none&quot;}\" data-widget_type=\"elementskit-blog-posts.default\">\n\t\t\t\t\t<div class=\"ekit-wid-con\" >\n        <div id=\"post-items--991d22f\" class=\"row post-items ekit-blog-posts-content masonry \" data-enable=\"no\" data-masonry-config=\"true\">\n\n\t\t\t<!-- Blog Carousel markup render -->\n\t\t\t\n\n            <div class=\"col-lg-4 col-md-6\">\n\n                                    <div class=\"elementskit-post-image-card\">\n                        <div class=\"elementskit-entry-header\">\n                                                            <a href=\"https:\/\/f5refreshmedia.com\/novocorpo\/ventajas-de-la-lipoabdominoplastia-resultados-y-beneficios\/\" class=\"elementskit-entry-thumb\">\n                                    <img decoding=\"async\" src=\"https:\/\/f5refreshmedia.com\/novocorpo\/wp-content\/uploads\/2026\/04\/ventajas-lipoabdominoplastia.jpg\" alt=\"Ventajas de la lipoabdominoplastia: resultados y beneficios\">\n                                <\/a><!-- .elementskit-entry-thumb END -->\n                                                                                                    <div class=\"elementskit-meta-lists\">\n                                        <div class=\"elementskit-single-meta\"><span class=\"elementskit-meta-wraper\"><strong>17<\/strong>Abr<\/span><\/div>\n                                    <\/div>\n                                                                                            \n                                                            <div class=\"elementskit-meta-categories\">\n                                    <span class=\"elementskit-meta-wraper\">\n                                        <span><a href=\"https:\/\/f5refreshmedia.com\/novocorpo\/category\/cirugia-plastica\/\" rel=\"category tag\">Cirug\u00eda pl\u00e1stica<\/a><\/span><span><a href=\"https:\/\/f5refreshmedia.com\/novocorpo\/category\/lipoabdominoplastia\/\" rel=\"category tag\">Lipoabdominoplastia<\/a><\/span>\n                                    <\/span>\n                                <\/div>\n                            \n                                                    <\/div><!-- .elementskit-entry-header END -->\n\n                        <div class=\"elementskit-post-body \">\n                            \n                                                                                                                                                        \n                                        \n                                        \t\t\t\t\t\t\t\t\t\t                <h2 class=\"entry-title\">\n                    <a href=\"https:\/\/f5refreshmedia.com\/novocorpo\/ventajas-de-la-lipoabdominoplastia-resultados-y-beneficios\/\">\n                            Ventajas de la lipoabdominoplastia: resultados y beneficios                    <\/a>\n                <\/h2>\n                                                                                                                                                    \t\t\t\t\t\t\t\t\t\t<p>Ventajas de una lipoabdominoplastia: transforme su abdomen con [&hellip;]<\/p>\n                                                                                                                                                        <div class=\"btn-wraper\">\n                                    \n                                                                            <a href=\"https:\/\/f5refreshmedia.com\/novocorpo\/ventajas-de-la-lipoabdominoplastia-resultados-y-beneficios\/\" class=\"elementskit-btn  whitespace--normal\" >\n                                        <i aria-hidden=\"true\" class=\"fas fa-plus-circle\"><\/i>                                            Leer m\u00e1s                                        <\/a>\n                                                                    <\/div>\n                                                    <\/div><!-- .elementskit-post-body END -->\n                    <\/div>\n                \n            <\/div>\t\t\t\t\n\n            <div class=\"col-lg-4 col-md-6\">\n\n                                    <div class=\"elementskit-post-image-card\">\n                        <div class=\"elementskit-entry-header\">\n                                                            <a href=\"https:\/\/f5refreshmedia.com\/novocorpo\/ejercicio-antes-y-despues-de-cirugia-estetica-beneficios-clave\/\" class=\"elementskit-entry-thumb\">\n                                    <img decoding=\"async\" src=\"https:\/\/f5refreshmedia.com\/novocorpo\/wp-content\/uploads\/2026\/04\/ejercicios-despues-cirugia-plastica.jpg\" alt=\"Ejercicio antes y despu\u00e9s de cirug\u00eda est\u00e9tica: beneficios clave\">\n                                <\/a><!-- .elementskit-entry-thumb END -->\n                                                                                                    <div class=\"elementskit-meta-lists\">\n                                        <div class=\"elementskit-single-meta\"><span class=\"elementskit-meta-wraper\"><strong>13<\/strong>Abr<\/span><\/div>\n                                    <\/div>\n                                                                                            \n                                                            <div class=\"elementskit-meta-categories\">\n                                    <span class=\"elementskit-meta-wraper\">\n                                        <span><a href=\"https:\/\/f5refreshmedia.com\/novocorpo\/category\/cuidados-cirugia-estetica\/\" rel=\"category tag\">Cuidados cirug\u00eda est\u00e9tica<\/a><\/span>\n                                    <\/span>\n                                <\/div>\n                            \n                                                    <\/div><!-- .elementskit-entry-header END -->\n\n                        <div class=\"elementskit-post-body \">\n                            \n                                                                                                                                                        \n                                        \n                                        \t\t\t\t\t\t\t\t\t\t                <h2 class=\"entry-title\">\n                    <a href=\"https:\/\/f5refreshmedia.com\/novocorpo\/ejercicio-antes-y-despues-de-cirugia-estetica-beneficios-clave\/\">\n                            Ejercicio antes y despu\u00e9s de cirug\u00eda est\u00e9tica: beneficios clave                    <\/a>\n                <\/h2>\n                                                                                                                                                    \t\t\t\t\t\t\t\t\t\t<p>\u00bfPor qu\u00e9 hacer ejercicio f\u00edsico antes y despu\u00e9s [&hellip;]<\/p>\n                                                                                                                                                        <div class=\"btn-wraper\">\n                                    \n                                                                            <a href=\"https:\/\/f5refreshmedia.com\/novocorpo\/ejercicio-antes-y-despues-de-cirugia-estetica-beneficios-clave\/\" class=\"elementskit-btn  whitespace--normal\" >\n                                        <i aria-hidden=\"true\" class=\"fas fa-plus-circle\"><\/i>                                            Leer m\u00e1s                                        <\/a>\n                                                                    <\/div>\n                                                    <\/div><!-- .elementskit-post-body END -->\n                    <\/div>\n                \n            <\/div>\t\t\t\t\n\n            <div class=\"col-lg-4 col-md-6\">\n\n                                    <div class=\"elementskit-post-image-card\">\n                        <div class=\"elementskit-entry-header\">\n                                                            <a href=\"https:\/\/f5refreshmedia.com\/novocorpo\/cuidados-despues-de-una-cirugia-plastica-evite-complicaciones\/\" class=\"elementskit-entry-thumb\">\n                                    <img decoding=\"async\" src=\"https:\/\/f5refreshmedia.com\/novocorpo\/wp-content\/uploads\/2026\/04\/cuidados-despues-de-cirugia-plastica.jpg\" alt=\"Cuidados despu\u00e9s de una cirug\u00eda pl\u00e1stica: evite complicaciones\">\n                                <\/a><!-- .elementskit-entry-thumb END -->\n                                                                                                    <div class=\"elementskit-meta-lists\">\n                                        <div class=\"elementskit-single-meta\"><span class=\"elementskit-meta-wraper\"><strong>07<\/strong>Abr<\/span><\/div>\n                                    <\/div>\n                                                                                            \n                                                            <div class=\"elementskit-meta-categories\">\n                                    <span class=\"elementskit-meta-wraper\">\n                                        <span><a href=\"https:\/\/f5refreshmedia.com\/novocorpo\/category\/cuidados-cirugia\/\" rel=\"category tag\">Cuidados cirug\u00eda<\/a><\/span>\n                                    <\/span>\n                                <\/div>\n                            \n                                                    <\/div><!-- .elementskit-entry-header END -->\n\n                        <div class=\"elementskit-post-body \">\n                            \n                                                                                                                                                        \n                                        \n                                        \t\t\t\t\t\t\t\t\t\t                <h2 class=\"entry-title\">\n                    <a href=\"https:\/\/f5refreshmedia.com\/novocorpo\/cuidados-despues-de-una-cirugia-plastica-evite-complicaciones\/\">\n                            Cuidados despu\u00e9s de una cirug\u00eda pl\u00e1stica: evite complicaciones                    <\/a>\n                <\/h2>\n                                                                                                                                                    \t\t\t\t\t\t\t\t\t\t<p>Siga estos cuidados para que su cirug\u00eda pl\u00e1stica [&hellip;]<\/p>\n                                                                                                                                                        <div class=\"btn-wraper\">\n                                    \n                                                                            <a href=\"https:\/\/f5refreshmedia.com\/novocorpo\/cuidados-despues-de-una-cirugia-plastica-evite-complicaciones\/\" class=\"elementskit-btn  whitespace--normal\" >\n                                        <i aria-hidden=\"true\" class=\"fas fa-plus-circle\"><\/i>                                            Leer m\u00e1s                                        <\/a>\n                                                                    <\/div>\n                                                    <\/div><!-- .elementskit-post-body END -->\n                    <\/div>\n                \n            <\/div>\t\t\t\t\n\n            <div class=\"col-lg-4 col-md-6\">\n\n                                    <div class=\"elementskit-post-image-card\">\n                        <div class=\"elementskit-entry-header\">\n                                                            <a href=\"https:\/\/f5refreshmedia.com\/novocorpo\/cuatro-condiciones-para-hacerse-una-cirugia-plastica-de-forma-segura\/\" class=\"elementskit-entry-thumb\">\n                                    <img decoding=\"async\" src=\"https:\/\/f5refreshmedia.com\/novocorpo\/wp-content\/uploads\/2026\/04\/condiciones-para-cirugia-plastica.jpg\" alt=\"Cuatro condiciones para hacerse una cirug\u00eda pl\u00e1stica de forma segura\">\n                                <\/a><!-- .elementskit-entry-thumb END -->\n                                                                                                    <div class=\"elementskit-meta-lists\">\n                                        <div class=\"elementskit-single-meta\"><span class=\"elementskit-meta-wraper\"><strong>02<\/strong>Abr<\/span><\/div>\n                                    <\/div>\n                                                                                            \n                                                            <div class=\"elementskit-meta-categories\">\n                                    <span class=\"elementskit-meta-wraper\">\n                                        <span><a href=\"https:\/\/f5refreshmedia.com\/novocorpo\/category\/cirugia-plastica\/\" rel=\"category tag\">Cirug\u00eda pl\u00e1stica<\/a><\/span>\n                                    <\/span>\n                                <\/div>\n                            \n                                                    <\/div><!-- .elementskit-entry-header END -->\n\n                        <div class=\"elementskit-post-body \">\n                            \n                                                                                                                                                        \n                                        \n                                        \t\t\t\t\t\t\t\t\t\t                <h2 class=\"entry-title\">\n                    <a href=\"https:\/\/f5refreshmedia.com\/novocorpo\/cuatro-condiciones-para-hacerse-una-cirugia-plastica-de-forma-segura\/\">\n                            Cuatro condiciones para hacerse una cirug\u00eda pl\u00e1stica de forma segura                    <\/a>\n                <\/h2>\n                                                                                                                                                    \t\t\t\t\t\t\t\t\t\t<p>Tomar la decisi\u00f3n de realizarse una cirug\u00eda pl\u00e1stica [&hellip;]<\/p>\n                                                                                                                                                        <div class=\"btn-wraper\">\n                                    \n                                                                            <a href=\"https:\/\/f5refreshmedia.com\/novocorpo\/cuatro-condiciones-para-hacerse-una-cirugia-plastica-de-forma-segura\/\" class=\"elementskit-btn  whitespace--normal\" >\n                                        <i aria-hidden=\"true\" class=\"fas fa-plus-circle\"><\/i>                                            Leer m\u00e1s                                        <\/a>\n                                                                    <\/div>\n                                                    <\/div><!-- .elementskit-post-body END -->\n                    <\/div>\n                \n            <\/div>\t\t\t\t        <\/div>\n\n\n                    <div\n            data-ekit-blog-post-style=\"numbered\"\n            class=\"ekit-blog-post-pagination-container ekit-blog-post-pagination-style-numbered\"\n            id=\"post-nagivation--991d22f\">\n                            <\/div>\n\n            <\/div>\t\t\t\t<\/div>\n\t\t\t\t\t<\/div>\n\t\t\t\t<\/div>\n\t\t\t\t<\/div>\n\t\t","protected":false},"excerpt":{"rendered":"<p>Recomendaciones de cirug\u00eda est\u00e9tica Home Blog de consejos [&hellip;] <\/p>\n","protected":false},"author":1,"featured_media":0,"parent":0,"menu_order":0,"comment_status":"closed","ping_status":"closed","template":"elementor_header_footer","meta":{"footnotes":""},"class_list":["post-11130","page","type-page","status-publish","hentry"],"_links":{"self":[{"href":"https:\/\/f5refreshmedia.com\/novocorpo\/wp-json\/wp\/v2\/pages\/11130","targetHints":{"allow":["GET"]}}],"collection":[{"href":"https:\/\/f5refreshmedia.com\/novocorpo\/wp-json\/wp\/v2\/pages"}],"about":[{"href":"https:\/\/f5refreshmedia.com\/novocorpo\/wp-json\/wp\/v2\/types\/page"}],"author":[{"embeddable":true,"href":"https:\/\/f5refreshmedia.com\/novocorpo\/wp-json\/wp\/v2\/users\/1"}],"replies":[{"embeddable":true,"href":"https:\/\/f5refreshmedia.com\/novocorpo\/wp-json\/wp\/v2\/comments?post=11130"}],"version-history":[{"count":11,"href":"https:\/\/f5refreshmedia.com\/novocorpo\/wp-json\/wp\/v2\/pages\/11130\/revisions"}],"predecessor-version":[{"id":11220,"href":"https:\/\/f5refreshmedia.com\/novocorpo\/wp-json\/wp\/v2\/pages\/11130\/revisions\/11220"}],"wp:attachment":[{"href":"https:\/\/f5refreshmedia.com\/novocorpo\/wp-json\/wp\/v2\/media?parent=11130"}],"curies":[{"name":"wp","href":"https:\/\/api.w.org\/{rel}","templated":true}]}}